x) = x**3 - 13*x**2 - 1230*x + 7628. Determine i(6).
-4
Let q(c) = -21*c**2 + 310*c - 1103. Determine q(9).
-14
Let j(k) = -k**3 + 19*k**2 - 241*k + 685. Calculate j(13).
-1434
Let o(a) = 2*a**3 + 61*a**2 - 1435*a - 476. Give o(-46).
-62
Let x(t) = -3*t**2 + 631*t + 54573. Give x(276).
201
Let m(u) = u**3 + 156*u**2 + 748*u - 939. Determine m(-151).
118
Let l(b) = -505*b + 205. Give l(3).
-1310
Let w(v) = -3*v**3 + 1416*v**2 - 8413*v + 11656. What is w(466)?
6
Let r(b) = -b**3 - 2*b**2 - 143*b + 478. Determine r(3).
4
Let v(w) = 11062*w - 165930. Give v(15).
0
Let s(a) = a**2 + 24789*a - 148755. Determine s(6).
15
Let w(y) = 16*y**3 + 44*y**2 - 58*y - 164. What is w(-2)?
0
Let h(x) = x**3 + 79*x**2 - 519*x + 24234. What is h(-88)?
210
Let r(l) = -3*l**3 + 26*l**2 - 40*l + 381. What is r(10)?
-419
Let j(d) = -11*d**2 - 129*d - 785. Give j(-7).
-421
Let r(z) = 219*z + 46662. Calculate r(-213).
15
Let r(l) = -l**3 + 572*l**2 - 11419*l + 6531670. Give r(572).
2
Let q(j) = 9*j**2 + 228*j - 2170. Determine q(10).
1010
Let c(i) = 3983*i + 111490. Determine c(-28).
-34
Let d(q) = -62*q**2 + 59898*q - 5787. Determine d(966).
9
Let m(k) = -1993*k + 534109. Give m(268).
-15
Let h(y) = -9425*y + 301622. Calculate h(32).
22
Let v(a) = -2*a**3 + a**2 - 942*a + 2810. Calculate v(3).
-61
Let b(y) = 6896*y + 482722. Calculate b(-70).
2
Let f(a) = -a**3 + 121*a**2 - 526*a + 48733. What is f(120)?
13
Let s(l) = -2*l**2 - 2222*l + 138236. Give s(59).
176
Let p(t) = 49*t**3 - t**2 + 519*t - 518. What is p(1)?
49
Let y(a) = -2*a**2 - 374*a - 1109. What is y(-3)?
-5
Let h(l) = 9100*l + 50782. Determine h(-6).
-3818
Let p(c) = -5*c**2 - 788*c + 17136. Calculate p(-177).
-33
Let f(l) = 2*l**3 - 116*l**2 - 28*l - 591. Give f(59).
4719
Let g(w) = -8345*w - 2152910. Determine g(-258).
100
Let u(b) = -31*b**2 - 3693*b - 327. What is u(-119)?
149
Let b(q) = -2018*q - 125238. Give b(-62).
-122
Let z(y) = y**3 + 115*y**2 + 16*y - 225. Determine z(-115).
-2065
Let h(l) = l**3 - 4*l**2 - 240*l - 1096. What is h(-6)?
-16
Let r(p) = 19*p - 398. Determine r(-63).
-1595
Let k(a) = 111*a**2 - 14423*a - 907. What is k(130)?
3
Let t(o) = -87*o - 6928. Calculate t(-77).
-229
Let z(x) = x**2 + 122*x - 6641. Calculate z(-159).
-758
Let b(v) = 6*v**2 + 502*v - 4040. What is b(-91)?
-36
Let k(d) = -3*d**3 - 9*d**2 + 461*d - 2312. What is k(5)?
-607
Let d(h) = -1825*h - 291954. Determine d(-160).
46
Let x(z) = 1582*z - 1438. Give x(1).
144
Let c(p) = -861*p + 16779. Calculate c(15).
3864
Let t(h) = 2*h**3 - 79*h**2 + 738*h - 989. What is t(12)?
-53
Let w(v) = -v**2 + 17051*v - 136337. Give w(8).
7
Let o(q) = -2*q**2 - 12664*q + 8303333. Determine o(599).
-5
Let n(g) = g**2 + 63*g - 10755. Calculate n(83).
1363
Let g(i) = 4774061*i + 9548117. Determine g(-2).
-5
Let b(c) = -96*c**3 - 1073*c**2 - 170*c + 109. Give b(-11).
-78
Let j(p) = -56384*p - 17479034. Calculate j(-310).
6
Let u(c) = -c**3 - 23*c**2 + 13*c + 667. Calculate u(-9).
-584
Let f(h) = -1721*h - 51985. Determine f(-30).
-355
Let c(o) = 5927*o - 82971. What is c(14)?
7
Let a(o) = -6745*o - 26973. Calculate a(-4).
7
Let p(l) = -2*l**2 + 33497*l + 502902. Calculate p(-15).
-3
Let v(k) = -261*k**3 - 4*k**2 - 162*k - 327. Determine v(-2).
2069
Let s(k) = -k**2 + 8133*k + 1166588. Determine s(-141).
-46
Let p(d) = 293*d - 2728. Calculate p(10).
202
Let d(i) = -2*i**3 - 1801*i**2 + 32144*i + 12865. Give d(-918).
13
Let y(v) = 18589*v - 334694. What is y(18)?
-92
Let w(t) = -5*t**2 - 702*t + 5033. Give w(7).
-126
Let l(w) = -5992*w - 59331. Give l(-10).
589
Let k(s) = -11901*s - 95217. Determine k(-8).
-9
Let s(t) = 2*t**2 + 1859*t + 426714. Calculate s(-516).
-18
Let u(b) = b**3 + 844*b**2 + 45713*b + 98283. Give u(-786).
33
Let a(m) = -12*m**2 - 173*m + 2337. Give a(11).
-1018
Let r(i) = -3*i**2 - 28066*i + 393510. What is r(14)?
-2
Let b(k) = 26*k**3 + 13*k**2 + 33*k - 16. Give b(-3).
-700
Let d(y) = 972*y**2 - 253*y + 257. Give d(1).
976
Let y(z) = 1149*z + 136805. Determine y(-119).
74
Let j(b) = 35*b**3 - 4*b**2 - 13*b - 51. Determine j(-4).
-2303
Let h(x) = -135*x + 985. Calculate h(0).
985
Let a(u) = 123428*u - 863963. Calculate a(7).
33
Let w(m) = -54*m - 6353. Give w(-123).
289
Let l(z) = 387*z - 116451. What is l(301)?
36
Let w(r) = r**2 + 1135*r + 161661. Calculate w(-166).
807
Let m(y) = y**3 - 61*y**2 + 108*y - 106. Determine m(59).
-696
Let f(a) = 4096*a - 16677. Calculate f(4).
-293
Let g(d) = -5*d**2 - 2093*d + 72100. What is g(32)?
4
Let b(r) = -2*r**3 - 351*r**2 - 11230*r + 9991. What is b(-133)?
16
Let t(p) = p**2 + 175*p - 64446. Calculate t(182).
528
Let f(q) = q**2 - 2839*q + 292441. Give f(107).
117
Let f(h) = -2*h**3 + 21*h**2 - 55*h + 41. Determine f(8).
-79
Let x(n) = -6*n**3 - 72*n**2 - 55*n + 99. What is x(-11)?
-22
Let m(r) = -635*r + 29285. What is m(46)?
75
Let s(v) = -10*v**2 - 1395*v - 41224. What is s(-97)?
1
Let p(v) = v**3 - 28*v**2 + 161*v - 221. Give p(5).
9
Let b(k) = -3*k**2 - 84*k - 298. Determine b(-6).
98
Let v(l) = 809*l + 90630. Determine v(-112).
22
Let p(v) = 8*v**2 - 166*v - 927. What is p(25)?
-77
Let j(d) = -11*d**2 + 5*d - 58. Give j(6).
-424
Let u(c) = -45*c**2 + 146*c + 394. What is u(5)?
-1
Let m(h) = -3*h**2 + 2183*h - 23646. Calculate m(11).
4
Let u(p) = -1724*p - 318890. What is u(-185)?
50
Let h(r) = -r**3 + 74*r**2 - 103*r + 13254. Calculate h(75).
-96
Let w(o) = -o**2 - 6440*o + 554626. Give w(85).
1
Let n(p) = -p**3 + 465*p**2 + 1865*p + 4858. Give n(469).
-301
Let i(t) = 3*t**2 - 228*t + 921. Give i(76).
921
Let w(g) = 2*g**3 + 161*g**2 - 184*g - 19853. What is w(-80)?
1267
Let n(d) = -9*d**3 - 1051*d**2 + 230*d - 128. Determine n(-117).
340
Let v(r) = -6053*r - 78859. Calculate v(-13).
-170
Let w(t) = -2*t**2 + 289*t + 6433. Calculate w(161).
1120
Let c(m) = 7*m**2 - 45*m + 234. Give c(10).
484
Let g(c) = 3086*c - 12170. What is g(4)?
174
Let r(z) = -8*z**2 - 807*z - 583. Calculate r(-98).
1671
Let y(a) = 15917*a - 174984. Determine y(11).
103
Let z(i) = 2081*i - 129304. Determine z(62).
-282
Let u(k) = k**3 + 58*k**2 + 2638*k + 152948. Give u(-58).
-56
Let c(n) = n**2 - 1864*n + 45962. What is c(25)?
-13
Let x(w) = 44040*w - 2246055. Calculate x(51).
-15
Let z(k) = -18985*k - 2468051. Give z(-130).
-1
Let p(u) = -25765*u - 2164261. Calculate p(-84).
-1
Let m(r) = 389895*r - 11306947. Give m(29).
8
Let b(u) = -11*u**2 + 449*u + 3392. Calculate b(47).
196
Let a(d) = -d**2 - 570*d - 10703. Calculate a(-18).
-767
Let t(m) = -m**2 - 171*m - 6058. Calculate t(-43).
-554
Let j(b) = -8770*b - 736677. What is j(-84)?
3
Let u(r) = -233574*r - 467155. Determine u(-2).
-7
Let c(z) = 1353*z - 8470. What is c(6)?
-352
Let o(n) = -n**3 - 31*n**2 - 23775*n - 1098224. Calculate o(-45).
1
Let m(y) = -1949*y**2 + 165666*y - 65. Give m(85).
20
Let b(v) = v**2 + 16*v + 149. What is b(-10)?
89
Let a(j) = -j**3 - 14*j**2 - 869*j + 3538. Determine a(4).
-226
Let a(w) = 3*w**3 - 14*w**2 + 88*w + 506. Determine a(-4).
-262
Let w(p) = 2513*p + 700. Determine w(0).
700
Let b(v) = -v**3 + 121*v**2 + 77350*v - 24143. Give b(345).
7
Let v(b) = -b**3 + 187*b**2 + 2398*b + 63. Give v(199).
2053
Let g(u) = -67*u**3 + 260*u**2 + 761*u + 2. Give g(-3).
1868
Let u(x) = 48*x**2 - 1210*x - 12311. Calculate u(33).
31
Let z(b) = b**2 + 514*b - 16516. Calculate z(30).
-196
Let l(x) = -1227*x - 17442. What is l(-14)?
-264
Let x(o) = 2*o**3 + 59*o**2 - 216*o + 138. What is x(-33)?
-357
Let h(k) = -89*k**2 - 1843*k + 10934. Give h(6).
-3328
Let j(l) = 2*l**3 + 17*l**2 + 13*l - 67. Determine j(-5).
43
Let z(k) = -k**2 + 44*k + 77. Give z(-2).
-15
Let d(k) = -k**3 + k**2 + 2149*k - 624. Calculate d(-46).
-26
Let i(n) = 2*n**3 - 81*n**2 - 699*n - 979. Determine i(48).
29
Let g(f) = f**2 + 9179*f + 146598. Give g(-16).
-10
Let x(p) = 7*p**3 + 106*p**2 - 124*p - 299. Give x(-16).
149
Let a(f) = -f**3 + 90*f**2 - 1351*f + 17. Calculate a(19).
-21
Let a(c) = 1598*c + 3912. Give a(-2).
716
Let s(f) = -14*f**2 - 1532*f - 721. Determine s(-109).
-67
Let m(r) = 306*r + 15043. What is m(-49)?
49
Let q(n) = -9246*n - 120155. What is q(-13)?
43
Let s(n) = 2*n**2 - 489*n + 16847. Calculate s(204).
323
Let i(g) = -38798*g + 155201. Calculate i(4).
9
Let o(t) = 25*t**3 - 31*t**2 + 25*t + 115. Give o(6).
4549
Let j(r) = -2*r**3